
Let g(r) = -r**2 + 153*r + 3950. What is g(176)?
-98
Let f(k) = -3*k**3 - 648*k**2 + 726*k + 16236. What is f(-217)?
-39
Let y(u) = -31*u**2 - 1569*u + 5673. What is y(-54)?
3
Let j(t) = t**2 + 11*t - 664. Calculate j(37).
1112
Let g(x) = -x**3 - 85*x**2 + 782*x + 3003. Determine g(11).
-11
Let x(u) = 2*u**2 + 4*u - 92. What is x(-6)?
-44
Let z(d) = -2*d**2 + 2965*d + 29773. Calculate z(-10).
-77
Let l(x) = 8403*x - 58648. What is l(7)?
173
Let h(a) = -5*a**3 - 439*a**2 + 96*a + 849. Calculate h(-88).
145
Let j(q) = 16333*q - 146957. What is j(9)?
40
Let a(d) = -134080*d + 268153. What is a(2)?
-7
Let f(s) = 63410*s + 3107089. Give f(-49).
-1
Let j(d) = -d**3 - 44*d**2 + 7297*d + 315624. What is j(-43)?
4
Let q(v) = -222*v - 17471. Give q(-84).
1177
Let y(c) = -4450*c + 88987. What is y(20)?
-13
Let r(t) = t**3 + 55*t**2 + 607*t - 1146. What is r(-18)?
-84
Let s(u) = -u**3 - 754*u**2 - 1138*u + 275253. Give s(-752).
21
Let z(t) = 1930*t - 4202. Determine z(2).
-342
Let k(x) = -622*x + 19672. Calculate k(31).
390
Let w(h) = 2*h**3 + 123*h**2 + 1122*h + 117. Calculate w(-11).
-4
Let x(z) = -3*z**3 - 41*z**2 + 25*z + 55. Calculate x(-14).
-99
Let n(l) = -2*l**2 + 68*l - 625. Determine n(47).
-1847
Let b(a) = -231*a + 6024. What is b(26)?
18
Let f(q) = -150*q**2 - 1050*q - 7. What is f(-7)?
-7
Let n(u) = -12*u**3 + u**2 + 16*u + 42. Determine n(-3).
327
Let l(v) = 3*v**3 - 295*v**2 - 260*v + 6123. What is l(99)?
-15
Let k(y) = 8976*y - 3347982. What is k(373)?
66
Let k(g) = -35*g**3 - 277*g**2 - 170*g + 369. Calculate k(-7).
-9
Let v(n) = -555*n + 5475. What is v(9)?
480
Let l(n) = 24528*n - 613117. Calculate l(25).
83
Let n(v) = -88*v**3 + 5*v**2 - 95*v + 89. Give n(1).
-89
Let m(u) = -218*u**3 - 423*u**2 + 34*u + 5. What is m(-2)?
-11
Let v(t) = -24*t**2 + 521*t + 1106. Determine v(-2).
-32
Let d(x) = -151*x - 10566. Give d(-63).
-1053
Let b(z) = -z**3 + 49*z**2 - 204*z - 1281. Give b(44).
-577
Let y(l) = -l**3 + 44*l**2 + 764*l + 304. Calculate y(-13).
5
Let u(o) = 2550*o + 30585. Determine u(-12).
-15
Let n(b) = 177*b**3 + 719*b**2 + 54*b + 40. Calculate n(-4).
0
Let q(u) = -4455985*u - 8911946. What is q(-2)?
24
Let y(n) = 53*n**3 - 924*n**2 + 3881*n - 59. Determine y(7).
11
Let h(o) = 6*o**2 - 177*o + 326. Give h(23).
-571
Let u(m) = 120*m + 16534. Determine u(-130).
934
Let m(g) = 2*g**2 - 27763*g - 111054. What is m(-4)?
30
Let y(c) = -18*c**2 - 356*c + 782. What is y(2)?
-2
Let k(r) = r**2 + 24272*r - 461534. Determine k(19).
-5
Let t(a) = a**2 + 580*a + 20538. Calculate t(-38).
-58
Let m(u) = 2*u**3 + 467*u**2 - 1160*u + 4733. Calculate m(-236).
13
Let x(l) = 26*l**3 - 42*l**2 + 217*l + 46. Determine x(5).
3331
Let c(a) = 2889*a - 222463. What is c(77)?
-10
Let p(q) = 136*q + 1643. What is p(-6)?
827
Let l(c) = -c**2 - 4510*c + 1889897. What is l(386)?
41
Let o(r) = -2301*r + 227811. Determine o(99).
12
Let x(q) = -840*q - 15952. Calculate x(-19).
8
Let o(y) = 167*y - 82. Determine o(-1).
-249
Let w(t) = -5352*t**2 - 374639*t + 77. Give w(-70).
7
Let u(w) = w**3 + 79*w**2 + 827*w - 758. Give u(-67).
-2299
Let z(t) = -1799*t - 7365. What is z(-4)?
-169
Let h(c) = -7*c**2 + 87*c + 99. Give h(19).
-775
Let p(j) = -5*j**3 + 845*j**2 + 72*j - 12140. Determine p(169).
28
Let f(t) = -t**3 + 4*t**2 + 101*t + 753. Calculate f(14).
207
Let p(r) = -3*r**3 + 52*r**2 - 242*r + 346. Give p(4).
18
Let j(i) = 17*i**2 - 11209*i - 33615. Calculate j(-3).
165
Let p(w) = w**2 - 6441*w + 943601. Calculate p(150).
-49
Let y(u) = u**3 - 28*u**2 + 503*u - 14252. Give y(28).
-168
Let j(i) = 2*i**2 - 75*i + 48. Determine j(22).
-634
Let c(v) = 639*v**2 - 4055*v + 1305. Determine c(6).
-21
Let p(j) = -6*j**2 + 3743*j + 11306. Determine p(-3).
23
Let l(p) = 1338*p - 11328. Give l(8).
-624
Let c(w) = 3324*w**3 - 5*w**2 - 49*w - 44. Calculate c(-1).
-3324
Let u(d) = 300230*d + 2401830. Calculate u(-8).
-10
Let b(w) = 2571*w - 120834. Calculate b(47).
3
Let s(n) = 213410*n - 15792346. Determine s(74).
-6
Let z(f) = 43455*f - 260777. What is z(6)?
-47
Let u(y) = 17*y**3 + 6*y**2 + 53*y + 119. What is u(-3)?
-445
Let s(g) = -g**2 + 9*g + 215. Determine s(-14).
-107
Let w(d) = -d**3 - 186*d**2 + 170*d - 3252. What is w(-187)?
-73
Let o(v) = 32*v**2 + 235*v - 1597. Give o(6).
965
Let j(m) = -6259*m + 32115. Give j(6).
-5439
Let q(w) = -7*w**2 - 81*w + 926. What is q(-19)?
-62
Let s(i) = -4743*i + 853740. Give s(180).
0
Let n(s) = s**3 + 58*s**2 - 164*s + 1467. What is n(-60)?
4107
Let h(v) = 235*v - 10096. Determine h(37).
-1401
Let b(h) = h**3 - 162*h**2 - 705*h + 233934. What is b(157)?
4
Let o(h) = -941*h + 38597. Give o(41).
16
Let d(r) = 9693*r - 1608992. Give d(166).
46
Let s(a) = 34*a**3 - 345*a**2 + 658*a + 37. Determine s(2).
245
Let r(t) = -62357*t + 5113274. Determine r(82).
0
Let r(t) = t**3 + 138*t**2 + 4759*t - 75. Calculate r(-67).
-209
Let d(i) = -1956*i + 39175. Give d(20).
55
Let v(y) = 13*y**2 + 502*y - 523. What is v(1)?
-8
Let k(d) = d**3 + 230*d**2 + 135*d + 31086. Calculate k(-230).
36
Let m(v) = 8589*v + 69335. Calculate m(-8).
623
Let d(p) = -11268*p - 282775. What is d(-25)?
-1075
Let w(t) = 1834*t + 381480. What is w(-208)?
8
Let p(q) = -405*q - 23945. Calculate p(-59).
-50
Let w(r) = -1020*r - 302949. Determine w(-297).
-9
Let z(o) = 3115*o**2 - 57*o + 44. Determine z(1).
3102
Let x(a) = 1346*a + 41226. Calculate x(-31).
-500
Let d(f) = 42*f**3 + 630*f**2 + 14*f - 7. Give d(-15).
-217
Let u(k) = -3193*k - 223507. What is u(-70)?
3
Let m(u) = -8*u**2 - 391*u - 5011. What is m(-13)?
-1280
Let d(y) = 319*y - 32521. Give d(102).
17
Let p(y) = -4*y**2 - 88*y + 546. Give p(-25).
246
Let z(c) = -c**3 - c**2 + 62*c - 425. Calculate z(-11).
103
Let h(z) = -13927*z - 208891. Determine h(-15).
14
Let x(q) = -q**3 - 111*q**2 + 340*q - 246. Give x(-114).
-18
Let d(c) = 3898*c - 27737. Determine d(7).
-451
Let y(k) = 335730*k + 20143790. Calculate y(-60).
-10
Let j(h) = 123*h**3 + 32*h**2 - 34*h. Calculate j(1).
121
Let w(y) = 2*y**3 - 114*y**2 + 1628*y - 370. Determine w(26).
46
Let c(u) = -39*u**2 + 252*u + 4516. Calculate c(-8).
4
Let o(x) = -34*x**2 - 999*x - 2965. Give o(-3).
-274
Let m(l) = 3*l**3 + 1375*l**2 - 2294*l + 2792. Determine m(-460).
32
Let p(m) = -m**3 + 20*m**2 + 12*m + 62. Give p(20).
302
Let c(q) = -4324*q - 168646. Determine c(-39).
-10
Let y(h) = -14417*h**2 + 475802*h - 1361. Calculate y(33).
-8
Let n(c) = c**3 + 134*c**2 - 125*c + 538. Give n(-135).
-812
Let u(i) = 16*i**2 + 165*i - 383. Determine u(4).
533
Let k(y) = 2311*y - 288875. Calculate k(125).
0
Let k(x) = -484*x - 3286. Give k(-9).
1070
Let a(i) = i**2 - 5*i - 3006. What is a(52)?
-562
Let o(i) = i**3 + 32*i**2 + 114*i - 47. What is o(-28)?
-103
Let y(n) = 49925*n - 399408. Determine y(8).
-8
Let o(z) = z**3 + 236*z**2 - 9784*z - 174. Give o(36).
114
Let r(o) = -o**3 + 72*o**2 + 355*o - 42612. Determine r(68).
24
Let h(x) = -3*x**2 + 1469*x + 18213. What is h(-12)?
153
Let v(b) = -60*b - 6972. Give v(-116).
-12
Let j(q) = q**3 - 99*q**2 + 201*q - 938. What is j(97)?
-259
Let m(o) = o + 5192. What is m(11)?
5203
Let n(w) = 4*w**2 + 12069*w + 593411. Calculate n(-50).
-39
Let y(j) = 1046*j - 130461. What is y(124)?
-757
Let m(s) = -s**3 + 65*s**2 + 163*s - 14260. What is m(64)?
268
Let q(y) = -929*y - 33326. Give q(-36).
118
Let r(a) = 605*a + 20008. Calculate r(-34).
-562
Let g(j) = -23354*j + 116794. Determine g(5).
24
Let f(w) = -4*w**2 - 264*w - 2235. What is f(-10)?
5
Let m(f) = -1929*f + 34340. Give m(17).
1547
Let l(n) = 6*n**3 + 161*n**2 - 622*n + 7. Calculate l(4).
479
Let n(h) = -h**2 - 162*h - 3826. What is n(-130)?
334
Let t(m) = -106*m**2 + 2008*m + 35. Give t(19).
-79
Let a(w) = -268*w + 22153. Determine a(84).
-359
Let i(k) = -18804*k - 846287. What is i(-45)?
-107
Let c(g) = -25*g**3 + 21*g**2 - 65*g + 41. Calculate c(2).
-205
Let l(d) = 105080*d + 3152387. Calculate l(-30).
-13
Let u(n) = -6*n**3 + 2*n**2 - 1022*n + 4025. Calculate u(4).
-415
Let l(i) = 2*i**2 - 5433*i - 187034. Calculate l(-34).
0
Let j(w) = -18*w**3 + 11*w**2 + 16*w + 10. Give j(-3).
547
Let w(a) = -15020*a + 103724. Give w(7).
-1416
Let o(v) = v**3 + 49*v**2 - 721*v - 21. What is o(12)?
111
Let n(j) = -54*j + 14151. Give n(235).
1461
Let g(k) = 24*k**2 + 184*k + 1190. What is g(-9)?
